 prime?
False
Is 65128199 prime?
True
Is 115631177 prime?
True
Is 932281 a prime number?
False
Is 28150469 a composite number?
False
Is 13169671 prime?
True
Is 691357531 composite?
False
Is 15833473 a composite number?
False
Is 23801119 a prime number?
True
Is 119102209 prime?
True
Is 1928359 prime?
True
Is 13972541 a prime number?
False
Is 10480639 a composite number?
True
Is 191531 prime?
True
Is 2943527 a composite number?
False
Is 132665779 composite?
True
Is 8944157 a prime number?
False
Is 23971 a prime number?
True
Is 103921171 composite?
False
Is 4539937 a composite number?
True
Is 978427 prime?
True
Is 4728379 prime?
True
Is 22256857 prime?
False
Is 4691087 a composite number?
False
Is 2561321 a composite number?
True
Is 874535 composite?
True
Is 27027529 composite?
False
Is 241511 composite?
False
Is 5946289 prime?
True
Is 8419119 composite?
True
Is 157162781 composite?
False
Is 1086223 a composite number?
True
Is 2141119 composite?
True
Is 99625349 a prime number?
False
Is 964079 a composite number?
True
Is 10040879 a composite number?
False
Is 2259563 a composite number?
True
Is 34777871 composite?
False
Is 9648001 a composite number?
True
Is 8649581 a composite number?
False
Is 19764037 prime?
True
Is 14854811 composite?
False
Is 8809861 a composite number?
False
Is 29363494 prime?
False
Is 10402099 a prime number?
True
Is 931616393 a composite number?
False
Is 8821103 a composite number?
False
Is 4435 prime?
False
Is 188636999 a prime number?
True
Is 64741199 a prime number?
True
Is 8917474 a prime number?
False
Is 2158721 prime?
True
Is 8760373 composite?
False
Is 2042113 a prime number?
False
Is 117267881 a composite number?
True
Is 2288317 prime?
False
Is 103559371 prime?
True
Is 804173 composite?
True
Is 4446697 a composite number?
True
Is 59421119 prime?
True
Is 7378937 composite?
False
Is 8318809 prime?
True
Is 105079609 composite?
False
Is 50166569 composite?
True
Is 2680381 prime?
False
Is 16613651 composite?
True
Is 2796985 prime?
False
Is 40358579 prime?
False
Is 7398089 composite?
False
Is 391444891 prime?
True
Is 782647 prime?
False
Is 146372383 a prime number?
True
Is 41376394 prime?
False
Is 2385609 prime?
False
Is 63842523 a composite number?
True
Is 172779493 a composite number?
True
Is 68842421 prime?
True
Is 1007749 a prime number?
True
Is 182921 a prime number?
True
Is 26713043 prime?
False
Is 6618629 prime?
False
Is 111565567 a prime number?
True
Is 277934053 a composite number?
True
Is 5416399 a composite number?
False
Is 11394499 a composite number?
True
Is 3234919 prime?
True
Is 157559599 composite?
False
Is 8240619 composite?
True
Is 7733251 prime?
True
Is 32019599 prime?
True
Is 2047933 composite?
False
Is 7531127 composite?
False
Is 516151 composite?
False
Is 842233 composite?
True
Is 38795089 a prime number?
False
Is 100736629 a prime number?
False
Is 4706633 a prime number?
True
Is 3216403 prime?
True
Is 45712169 prime?
True
Is 5961197 composite?
True
Is 19925359 a prime number?
True
Is 403271119 a prime number?
True
Is 1211374 composite?
True
Is 15794579 prime?
False
Is 11126497 a prime number?
True
Is 256721615 a prime number?
False
Is 2264771 prime?
True
Is 2983771 a composite number?
True
Is 5319421 a composite number?
False
Is 780277 a prime number?
False
Is 679537 a composite number?
False
Is 11335 composite?
True
Is 119219383 composite?
True
Is 19857301 a composite number?
False
Is 55920619 a composite number?
True
Is 40594 prime?
False
Is 433462 a prime number?
False
Is 2695787 composite?
False
Is 187270565 composite?
True
Is 137300791 composite?
False
Is 31958389 prime?
False
Is 4849729 a prime number?
False
Is 871207 prime?
False
Is 3963803 composite?
False
Is 608459 composite?
False
Is 16975307 a composite number?
False
Is 1045693 a prime number?
False
Is 9413566 a prime number?
False
Is 192931 composite?
False
Is 21398851 prime?
False
Is 31666385 a prime number?
False
Is 1838853305 composite?
True
Is 25919533 prime?
False
Is 9975503 prime?
False
Is 709321 a prime number?
True
Is 36918533 a prime number?
False
Is 5896859 prime?
False
Is 20919207 a composite number?
True
Is 4232903 composite?
False
Is 177409039 prime?
True
Is 40858183 prime?
False
Is 102189995 prime?
False
Is 507651869 a prime number?
False
Is 131042003 composite?
False
Is 50198921 prime?
False
Is 1544989 composite?
True
Is 19635749 composite?
True
Is 1906007 a prime number?
True
Is 28733113 a prime number?
False
Is 199418599 prime?
False
Is 46892257 composite?
True
Is 7403707 composite?
False
Is 447542273 prime?
True
Is 57281401 a composite number?
True
Is 20230513 prime?
False
Is 8798723 composite?
True
Is 188440079 composite?
False
Is 50675171 a composite number?
False
Is 149939 a prime number?
True
Is 17032651 a composite number?
True
Is 4703 a composite number?
False
Is 10541719 composite?
False
Is 385072619 prime?
False
Is 417640169 composite?
False
Is 13655379 prime?
False
Is 28026137 composite?
False
Is 1849321 prime?
False
Is 61303279 composite?
True
Is 83830733 a composite number?
True
Is 1666183 prime?
False
Is 35139319 a prime number?
True
Is 1216993 a composite number?
True
Is 6959287 a prime number?
True
Is 3476651 a composite number?
False
Is 12289115 prime?
False
Is 968167 composite?
True
Is 1881489 composite?
True
Is 35770631 a prime number?
False
Is 26627 prime?
True
Is 477997349 composite?
False
Is 15046373 composite?
False
Is 51825239 a composite number?
True
Is 2825629 composite?
True
Is 5832967 a prime number?
False
Is 2684599 composite?
False
Is 2077871 composite?
True
Is 259186 composite?
True
Is 12667111 a composite number?
True
Is 15644533 a prime number?
True
Is 15600847 a prime number?
True
Is 69768883 prime?
True
Is 13214657 a composite number?
False
Is 5524489 prime?
True
Is 332194519 a composite number?
False
Is 4136107 a composite number?
True
Is 291985853 a prime number?
True
Is 32918533 prime?
True
Is 2125517 prime?
True
Is 1450367 prime?
True
Is 29309317 a composite number?
True
Is 466401499 composite?
False
Is 355058323 prime?
False
Is 582067 a prime number?
True
Is 98104631 a composite number?
False
Is 125559361 a composite number?
True
Is 1032552277 composite?
False
Is 3120701 prime?
False
Is 3966689 composite?
False
Is 3046697 composite?
True
Is 56721454 prime?
False
Is 176662631 a composite number?
False
Is 5312033 a composite number?
False
Is 165841933 composite?
True
Is 22698191 composite?
False
Is 30997999 prime?
False
Is 23426759 a prime number?
False
Is 1239619 prime?
True
Is 7264091 composite?
True
Is 515968657 a composite number?
False
Is 21906931 a composite number?
True
Is 4944046 a composite number?
True
Is 8687999 a prime number?
False
Is 114721427 composite?
False
Is 7115959 prime?
True
Is 427294663 a composite number?
False
Is 5225803 prime?
False
Is 507937 composite?
False
Is 9386921 a composite number?
True
Is 1410249443 a prime number?
True
Is 41385653 prime?
True
Is 4029167 a composite number?
True
Is 459662911 prime?
False
Is 4319339 a prime number?
True
Is 257837 a composite number?
False
Is 40775641 a composite number?
False
Is 1417967 a composite number?
False
Is 16334 a prime number?
False
Is 199644041 a prime number?
True
Is 1356673 composite?
True
Is 11695301 composite?
True
Is 2055917 a composite number?
False
Is 19857737 a prime number?
False
Is 100235077 a composite number?
True
Is 24507419 a prime number?
False
Is 33823739 a prime number?
True
Is 82885129 a composite number?
False
Is 33924791 prime?
False
Is 164810729 prime?
True
Is 90734299 prime?
False
Is 9823153 composite?
False
Is 664331 prime?
True
Is 77425651 prime?
True
Is 20406739 composite?
True
Is 7137517 a prime number?
True
Is 1822369 prime?
False
Is 4327589 composite?
True
Is 52487317 a composite number?
False
Is 2072801 a composite number?
False
Is 159715579 prime?
True
Is 2316881 prime?
False
Is 19694249 composite?
True
Is 12160051 a prime number?
True
Is 31001419 prime?
True
Is 10049357 prime?
True
Is 1553587 prime?
False
Is 1234333 composite?
False
Is 156202979 a composite number?
False
Is 230632163 a composite number?
False
Is 408246119 a prime number?
True
Is 2021273 composite?
True
Is 10467797 a composite number?
False
Is 112896257 prime?
False
Is 301916431 composite?
False
Is 3427841